577?
235134577
List the prime factors of 565137143.
4297, 131519
List the prime factors of 15918623.
7, 2274089
List the prime factors of 82669177.
43, 199, 9661
What are the prime factors of 2314694481?
3, 11, 70142257
List the prime factors of 325721605.
5, 11, 223, 26557
List the prime factors of 96223834.
2, 7, 6873131
What are the prime factors of 81515054?
2, 19, 197, 10889
What are the prime factors of 988590033?
3, 283, 487, 797
List the prime factors of 2762613305.
5, 17, 4793, 6781
List the prime factors of 787359449.
19, 41, 239, 4229
List the prime factors of 1549198744.
2, 19, 1229, 8293
List the prime factors of 354579822.
2, 3, 23, 71, 4021
What are the prime factors of 76341590?
2, 5, 13, 41, 14323
List the prime factors of 2383392465.
3, 5, 17654759
List the prime factors of 1808013950.
2, 5, 36160279
What are the prime factors of 316120105?
5, 7, 9032003
List the prime factors of 20780559.
3, 29, 103, 773
What are the prime factors of 32941378?
2, 16470689
List the prime factors of 123477280.
2, 5, 53, 14561
List the prime factors of 161224987.
7, 11, 101, 20731
List the prime factors of 71291990.
2, 5, 7, 11, 19, 443
What are the prime factors of 102396172?
2, 25599043
What are the prime factors of 4464603200?
2, 5, 83, 33619
What are the prime factors of 83069486?
2, 1601, 25943
List the prime factors of 80325994.
2, 7, 819653
List the prime factors of 255693634.
2, 7, 17, 1074343
What are the prime factors of 13947882?
2, 3, 13, 178819
List the prime factors of 46934773.
17, 67, 89, 463
List the prime factors of 149253943.
149253943
List the prime factors of 25357312.
2, 24763
List the prime factors of 348290796.
2, 3, 7, 1217, 3407
What are the prime factors of 3264563428?
2, 7, 37, 167, 18869
What are the prime factors of 179157330?
2, 3, 5, 11, 37, 67, 73
What are the prime factors of 1203864872?
2, 7, 21497587
List the prime factors of 73794079.
61, 1209739
List the prime factors of 7465486527.
3, 276499501
What are the prime factors of 234747167?
151, 431, 3607
List the prime factors of 4718808682.
2, 7, 3557, 13537
What are the prime factors of 14867731?
14867731
What are the prime factors of 3588089246?
2, 7, 256292089
What are the prime factors of 333341705?
5, 293, 227537
What are the prime factors of 1339074424?
2, 2383, 70241
What are the prime factors of 254153231?
131, 379, 5119
What are the prime factors of 150970602?
2, 3, 103, 191, 1279
List the prime factors of 53842872.
2, 3, 2243453
What are the prime factors of 74811299?
37, 2021927
What are the prime factors of 120556578?
2, 3, 701, 28663
List the prime factors of 295888369.
7, 61, 271, 2557
List the prime factors of 54091999.
13, 263, 1217
List the prime factors of 457340988.
2, 3, 13, 281, 10433
What are the prime factors of 57505801?
57505801
List the prime factors of 978537952.
2, 7, 17, 29, 8861
What are the prime factors of 31285592?
2, 13, 300823
List the prime factors of 1073818568.
2, 1423, 94327
List the prime factors of 587327764.
2, 17, 61, 8329
What are the prime factors of 6579380601?
3, 419, 193859
What are the prime factors of 202497918?
2, 3, 7, 61, 79039
What are the prime factors of 839690970?
2, 3, 5, 89, 314491
List the prime factors of 56064363.
3, 23, 812527
List the prime factors of 3490901743.
7, 10259, 48611
List the prime factors of 4472951008.
2, 83, 761, 2213
List the prime factors of 56311797.
3, 23, 816113
What are the prime factors of 329491112?
2, 43, 957823
What are the prime factors of 6380622?
2, 3, 354479
What are the prime factors of 412009919?
157, 2624267
What are the prime factors of 152887871?
2477, 61723
List the prime factors of 221968574.
2, 110984287
What are the prime factors of 827142775?
5, 31, 277, 3853
What are the prime factors of 6039166?
2, 7, 431369
List the prime factors of 3395967598.
2, 41, 1031, 40169
List the prime factors of 28875329.
7, 29, 103, 1381
What are the prime factors of 96652841?
96652841
What are the prime factors of 209855929?
209855929
List the prime factors of 5459631037.
7, 779947291
What are the prime factors of 1484376659?
151, 239, 41131
What are the prime factors of 547430314?
2, 23, 673, 17683
What are the prime factors of 2203972832?
2, 3079, 22369
List the prime factors of 368396590.
2, 5, 59, 624401
List the prime factors of 669252592.
2, 41828287
What are the prime factors of 27959683?
29, 829, 1163
List the prime factors of 480841082.
2, 23, 10453067
What are the prime factors of 165897330?
2, 3, 5, 5529911
List the prime factors of 3513991444.
2, 509, 1725929
List the prime factors of 8044268092.
2, 7, 863, 332903
What are the prime factors of 508419074?
2, 251, 433, 2339
What are the prime factors of 88242989?
71, 1242859
What are the prime factors of 1401819164?
2, 19, 18444989
What are the prime factors of 23465194?
2, 11732597
What are the prime factors of 1090751993?
4931, 221203
List the prime factors of 86719240.
2, 5, 311, 6971
List the prime factors of 1476800114.
2, 1249, 591193
What are the prime factors of 422162711?
37, 11409803
List the prime factors of 5608647911.
23, 59, 71, 2531
List the prime factors of 3642535948.
2, 181, 5031127
List the prime factors of 81857619.
3, 1301, 6991
List the prime factors of 29688631.
7, 47, 90239
What are the prime factors of 18289206?
2, 3, 13, 26053
What are the prime factors of 241843783?
439, 593, 929
What are the prime factors of 286366428?
2, 3, 17, 51991
List the prime factors of 151321673.
1103, 137191
What are the prime factors of 102770272?
2, 11, 41, 7121
What are the prime factors of 21118495?
5, 4223699
List the prime factors of 78504434.
2, 4079, 9623
What are the prime factors of 316138465?
5, 31, 2039603
List the prime factors of 74437452.
2, 3, 881, 2347
List the prime factors of 3939882593.
10111, 389663
What are the prime factors of 22370271?
3, 7, 11, 113, 857
List the prime factors of 1830063003.
3, 41, 59, 421, 599
List the prime factors of 50909347.
31, 67, 127, 193
List the prime factors of 30405633.
3, 61, 166151
List the prime factors of 15790474.
2, 7, 1127891
What are the prime factors of 1229843222?
2, 31, 37, 653, 821
List the prime factors of 314326871.
314326871
What are the prime factors of 2822872941?
3, 7, 44807507
What are the prime factors of 522727173?
3, 58080797
What are the prime factors of 5488021640?
2, 5, 149, 229, 4021
List the prime factors of 122598167.
29, 4227523
List the prime factors of 90528177.
3, 5081, 5939
List the prime factors of 1895811796.
2, 473952949
What are the prime factors of 198084659?
198084659
What are the prime factors of 64438520?
2, 5, 1610963
What are the prime factors of 49054134?
2, 3, 59, 138571
What are the prime factors of 155649562?
2, 77824781
List the prime factors of 5781082557.
3, 19, 101422501
What are the prime factors of 701880487?
7, 11, 9115331
List the prime factors of 110107550.
2, 5, 7, 41, 7673
List the prime factors of 195995683.
13, 15076591
List the prime factors of 1342637252.
2, 11, 30514483
What are the prime factors of 206658312?
2, 3, 7, 23, 79, 677
What are the prime factors of 2793206095?
5, 167, 881, 3797
What are the prime factors of 6881457575?
5, 275258303
What are the prime factors of 4468843725?
3, 5, 1031, 57793
List the prime factors of 2182843681.
23, 94906247
List the prime factors of 3479702296.
2, 7, 37, 45389
What are the prime factors of 1522097812?
2, 59, 1483, 4349
List the prime factors of 218373227.
277, 788351
List the prime factors of 259855470.
2, 3, 5, 7, 59, 6991
What are the prime factors of 238535068?
2, 397, 150211
What are the prime factors of 138093764?
2, 191, 180751
List the prime factors of 453637022.
2, 197, 1151363
List the prime factors of 3285046.
2, 17, 53, 1823
What are the prime factors of 41988900?
2, 3, 5, 67, 2089
List the prime factors of 418662066.
2, 3, 69777011
List the prime factors of 362227586.
2, 7, 25873399
What are the prime factors of 173444163?
3, 31, 60161
What are the prime factors of 4181239359?
3, 11, 31, 151379
What are the prime factors of 1371378941?
19, 29, 2488891
List the prime factors of 568204782.
2, 3, 37, 2559481
What are the prime factors of 601636651?
7, 11, 1116209
What are the prime factors of 34175298?
2, 3, 47, 121189
What are the prime fact